[INFO] fetching crate lamellar 0.2.1...
[INFO] checking lamellar-0.2.1 against try#72f88fc4e9458f89516a0b8b0868f3718aec5b47 for pr-74989
[INFO] extracting crate lamellar 0.2.1 into /workspace/builds/worker-3/source
[INFO] validating manifest of crates.io crate lamellar 0.2.1 on toolchain 72f88fc4e9458f89516a0b8b0868f3718aec5b47
[INFO] running `Command { std: "/workspace/cargo-home/bin/cargo" "+72f88fc4e9458f89516a0b8b0868f3718aec5b47" "read-manifest" "--manifest-path" "Cargo.toml", kill_on_drop: false }`
[INFO] started tweaking crates.io crate lamellar 0.2.1
[INFO] removed 0 missing examples
[INFO] finished tweaking crates.io crate lamellar 0.2.1
[INFO] tweaked toml for crates.io crate lamellar 0.2.1 written to /workspace/builds/worker-3/source/Cargo.toml
[INFO] crate crates.io crate lamellar 0.2.1 already has a lockfile, it will not be regenerated
[INFO] running `Command { std: "/workspace/cargo-home/bin/cargo" "+72f88fc4e9458f89516a0b8b0868f3718aec5b47" "fetch" "--locked" "--manifest-path" "Cargo.toml", kill_on_drop: false }`
[INFO] [stderr]  Downloading crates ...
[INFO] [stderr]   Downloaded inventory v0.1.8
[INFO] [stderr]   Downloaded palaver v0.2.8
[INFO] [stderr]   Downloaded serde_closure v0.1.5
[INFO] [stderr]   Downloaded core_affinity v0.5.10
[INFO] [stderr]   Downloaded subprocess v0.1.20
[INFO] [stderr]   Downloaded lamellar-impl v0.2.1
[INFO] [stderr]   Downloaded relative v0.1.5
[INFO] [stderr]   Downloaded inventory-impl v0.1.8
[INFO] [stderr]   Downloaded simple_logger v1.7.0
[INFO] [stderr]   Downloaded indexmap v1.5.2
[INFO] [stderr]   Downloaded rofisys v0.1.1
[INFO] [stderr]   Downloaded build_id v0.1.5
[INFO] running `Command { std: "docker" "create" "-v" "/var/lib/crater-agent-workspace/builds/worker-3/target:/opt/rustwide/target:rw,Z" "-v" "/var/lib/crater-agent-workspace/builds/worker-3/source:/opt/rustwide/workdir:ro,Z" "-v" "/var/lib/crater-agent-workspace/cargo-home:/opt/rustwide/cargo-home:ro,Z" "-v" "/var/lib/crater-agent-workspace/rustup-home:/opt/rustwide/rustup-home:ro,Z" "-e" "SOURCE_DIR=/opt/rustwide/workdir" "-e" "CARGO_TARGET_DIR=/opt/rustwide/target" "-e" "CARGO_HOME=/opt/rustwide/cargo-home" "-e" "RUSTUP_HOME=/opt/rustwide/rustup-home" "-w" "/opt/rustwide/workdir" "-m" "1610612736" "--user" "0:0" "--network" "none" "rustops/crates-build-env@sha256:d92eaeed33fa75130ca1ee6c8a01d1ffb62bac859dfdfb3450e3e5d1c0146529" "/opt/rustwide/cargo-home/bin/cargo" "+72f88fc4e9458f89516a0b8b0868f3718aec5b47" "metadata" "--no-deps" "--format-version=1", kill_on_drop: false }`
[INFO] [stderr] WARNING: Your kernel does not support swap limit capabilities or the cgroup is not mounted. Memory limited without swap.
[INFO] [stdout] 87ccf09695620a36d01bc1fe373fd48734088087694da405f709cb5d40adb952
[INFO] running `Command { std: "docker" "start" "-a" "87ccf09695620a36d01bc1fe373fd48734088087694da405f709cb5d40adb952", kill_on_drop: false }`
[INFO] running `Command { std: "docker" "inspect" "87ccf09695620a36d01bc1fe373fd48734088087694da405f709cb5d40adb952", kill_on_drop: false }`
[INFO] running `Command { std: "docker" "rm" "-f" "87ccf09695620a36d01bc1fe373fd48734088087694da405f709cb5d40adb952", kill_on_drop: false }`
[INFO] [stdout] 87ccf09695620a36d01bc1fe373fd48734088087694da405f709cb5d40adb952
[INFO] running `Command { std: "docker" "create" "-v" "/var/lib/crater-agent-workspace/builds/worker-3/target:/opt/rustwide/target:rw,Z" "-v" "/var/lib/crater-agent-workspace/builds/worker-3/source:/opt/rustwide/workdir:ro,Z" "-v" "/var/lib/crater-agent-workspace/cargo-home:/opt/rustwide/cargo-home:ro,Z" "-v" "/var/lib/crater-agent-workspace/rustup-home:/opt/rustwide/rustup-home:ro,Z" "-e" "SOURCE_DIR=/opt/rustwide/workdir" "-e" "CARGO_TARGET_DIR=/opt/rustwide/target" "-e" "CARGO_INCREMENTAL=0" "-e" "RUST_BACKTRACE=full" "-e" "RUSTFLAGS=--cap-lints=forbid" "-e" "CARGO_HOME=/opt/rustwide/cargo-home" "-e" "RUSTUP_HOME=/opt/rustwide/rustup-home" "-w" "/opt/rustwide/workdir" "-m" "1610612736" "--user" "0:0" "--network" "none" "rustops/crates-build-env@sha256:d92eaeed33fa75130ca1ee6c8a01d1ffb62bac859dfdfb3450e3e5d1c0146529" "/opt/rustwide/cargo-home/bin/cargo" "+72f88fc4e9458f89516a0b8b0868f3718aec5b47" "check" "--frozen" "--all" "--all-targets" "--message-format=json", kill_on_drop: false }`
[INFO] [stdout] c7f6eee4224f259256fa4eb65a67af1a9e8f6495c1b302528b72a4c8acdb492c
[INFO] [stderr] WARNING: Your kernel does not support swap limit capabilities or the cgroup is not mounted. Memory limited without swap.
[INFO] running `Command { std: "docker" "start" "-a" "c7f6eee4224f259256fa4eb65a67af1a9e8f6495c1b302528b72a4c8acdb492c", kill_on_drop: false }`
[INFO] [stderr]    Compiling autocfg v1.0.1
[INFO] [stderr]    Compiling libc v0.2.76
[INFO] [stderr]    Compiling maybe-uninit v2.0.0
[INFO] [stderr]    Compiling proc-macro2 v1.0.19
[INFO] [stderr]    Compiling unicode-xid v0.2.1
[INFO] [stderr]    Compiling syn v1.0.39
[INFO] [stderr]    Compiling semver-parser v0.7.0
[INFO] [stderr]     Checking scopeguard v1.1.0
[INFO] [stderr]    Compiling memchr v2.3.3
[INFO] [stderr]    Compiling serde_derive v1.0.115
[INFO] [stderr]    Compiling rayon-core v1.8.0
[INFO] [stderr]    Compiling log v0.4.11
[INFO] [stderr]    Compiling byteorder v1.3.4
[INFO] [stderr]    Compiling serde v1.0.115
[INFO] [stderr]    Compiling lazy_static v1.4.0
[INFO] [stderr]    Compiling regex-syntax v0.6.18
[INFO] [stderr]    Compiling inventory v0.1.8
[INFO] [stderr]    Compiling proc-macro-hack v0.5.18
[INFO] [stderr]     Checking match_cfg v0.1.0
[INFO] [stderr]     Checking lock_api v0.3.4
[INFO] [stderr]     Checking owning_ref v0.3.3
[INFO] [stderr]    Compiling thread_local v1.0.1
[INFO] [stderr]    Compiling semver v0.9.0
[INFO] [stderr]     Checking smallvec v0.6.13
[INFO] [stderr]    Compiling crossbeam-utils v0.7.2
[INFO] [stderr]    Compiling memoffset v0.5.5
[INFO] [stderr]    Compiling crossbeam-epoch v0.8.2
[INFO] [stderr]    Compiling num-traits v0.2.12
[INFO] [stderr]    Compiling num-integer v0.1.43
[INFO] [stderr]    Compiling hashbrown v0.8.2
[INFO] [stderr]    Compiling indexmap v1.5.2
[INFO] [stderr]    Compiling rayon v1.4.0
[INFO] [stderr]    Compiling rustc_version v0.2.3
[INFO] [stderr]    Compiling aho-corasick v0.7.13
[INFO] [stderr]     Checking getrandom v0.1.14
[INFO] [stderr]     Checking rand v0.4.6
[INFO] [stderr]     Checking num_cpus v1.13.0
[INFO] [stderr]     Checking time v0.1.44
[INFO] [stderr]     Checking atty v0.2.14
[INFO] [stderr]     Checking hostname v0.3.1
[INFO] [stderr]    Compiling parking_lot_core v0.6.2
[INFO] [stderr]    Compiling parking_lot v0.9.0
[INFO] [stderr]    Compiling quote v1.0.7
[INFO] [stderr]     Checking colored v1.9.3
[INFO] [stderr]     Checking core_affinity v0.5.10
[INFO] [stderr]     Checking rand_core v0.5.1
[INFO] [stderr]     Checking rand_chacha v0.2.2
[INFO] [stderr]     Checking crossbeam-channel v0.4.3
[INFO] [stderr]     Checking crossbeam-queue v0.2.3
[INFO] [stderr]     Checking rand v0.7.3
[INFO] [stderr]     Checking crossbeam-deque v0.7.3
[INFO] [stderr]     Checking parking_lot_core v0.2.14
[INFO] [stderr]     Checking chrono v0.4.15
[INFO] [stderr]     Checking crossbeam v0.7.3
[INFO] [stderr]     Checking parking_lot v0.4.8
[INFO] [stderr]     Checking chashmap v2.2.2
[INFO] [stderr]    Compiling regex v1.3.9
[INFO] [stderr]     Checking simple_logger v1.7.0
[INFO] [stderr]    Compiling inventory-impl v0.1.8
[INFO] [stderr]    Compiling ctor v0.1.15
[INFO] [stderr]    Compiling ghost v0.1.2
[INFO] [stderr]    Compiling lamellar-impl v0.2.1
[INFO] [stderr]     Checking bincode v1.3.1
[INFO] [stderr]     Checking lamellar v0.2.1 (/opt/rustwide/workdir)
[INFO] [stdout] error[E0061]: this function takes 4 arguments but 5 arguments were supplied
[INFO] [stdout]    --> src/lamellar_team.rs:784:20
[INFO] [stdout]     |
[INFO] [stdout] 101 | /     pub fn new(
[INFO] [stdout] 102 | |         start_pe: usize,
[INFO] [stdout] 103 | |         end_pe: usize,
[INFO] [stdout] 104 | |         stride: usize,
[INFO] [stdout] 105 | |         global_pes: usize,
[INFO] [stdout] 106 | |     ) -> StridedArch {
[INFO] [stdout]     | |____________________- defined here
[INFO] [stdout] ...
[INFO] [stdout] 784 |           let arch = StridedArch::new(0, 0, 9, 1, 10);
[INFO] [stdout]     |                      ^^^^^^^^^^^^^^^^ -  -  -  -  -- supplied 5 arguments
[INFO] [stdout]     |                      |
[INFO] [stdout]     |                      expected 4 arguments
[INFO] [stdout] 
[INFO] [stdout] 
[INFO] [stdout] error[E0061]: this function takes 4 arguments but 5 arguments were supplied
[INFO] [stdout]    --> src/lamellar_team.rs:796:20
[INFO] [stdout]     |
[INFO] [stdout] 101 | /     pub fn new(
[INFO] [stdout] 102 | |         start_pe: usize,
[INFO] [stdout] 103 | |         end_pe: usize,
[INFO] [stdout] 104 | |         stride: usize,
[INFO] [stdout] 105 | |         global_pes: usize,
[INFO] [stdout] 106 | |     ) -> StridedArch {
[INFO] [stdout]     | |____________________- defined here
[INFO] [stdout] ...
[INFO] [stdout] 796 |           let arch = StridedArch::new(0, 0, 4, 1, 10);
[INFO] [stdout]     |                      ^^^^^^^^^^^^^^^^ -  -  -  -  -- supplied 5 arguments
[INFO] [stdout]     |                      |
[INFO] [stdout]     |                      expected 4 arguments
[INFO] [stdout] 
[INFO] [stdout] 
[INFO] [stdout] error[E0061]: this function takes 4 arguments but 5 arguments were supplied
[INFO] [stdout]    --> src/lamellar_team.rs:812:20
[INFO] [stdout]     |
[INFO] [stdout] 101 | /     pub fn new(
[INFO] [stdout] 102 | |         start_pe: usize,
[INFO] [stdout] 103 | |         end_pe: usize,
[INFO] [stdout] 104 | |         stride: usize,
[INFO] [stdout] 105 | |         global_pes: usize,
[INFO] [stdout] 106 | |     ) -> StridedArch {
[INFO] [stdout]     | |____________________- defined here
[INFO] [stdout] ...
[INFO] [stdout] 812 |           let arch = StridedArch::new(0, 0, 9, 2, 10);
[INFO] [stdout]     |                      ^^^^^^^^^^^^^^^^ -  -  -  -  -- supplied 5 arguments
[INFO] [stdout]     |                      |
[INFO] [stdout]     |                      expected 4 arguments
[INFO] [stdout] 
[INFO] [stdout] 
[INFO] [stdout] error[E0061]: this function takes 4 arguments but 5 arguments were supplied
[INFO] [stdout]    --> src/lamellar_team.rs:826:20
[INFO] [stdout]     |
[INFO] [stdout] 101 | /     pub fn new(
[INFO] [stdout] 102 | |         start_pe: usize,
[INFO] [stdout] 103 | |         end_pe: usize,
[INFO] [stdout] 104 | |         stride: usize,
[INFO] [stdout] 105 | |         global_pes: usize,
[INFO] [stdout] 106 | |     ) -> StridedArch {
[INFO] [stdout]     | |____________________- defined here
[INFO] [stdout] ...
[INFO] [stdout] 826 |           let arch = StridedArch::new(1, 1, 9, 2, 10);
[INFO] [stdout]     |                      ^^^^^^^^^^^^^^^^ -  -  -  -  -- supplied 5 arguments
[INFO] [stdout]     |                      |
[INFO] [stdout]     |                      expected 4 arguments
[INFO] [stdout] 
[INFO] [stdout] 
[INFO] [stdout] error[E0061]: this function takes 4 arguments but 5 arguments were supplied
[INFO] [stdout]    --> src/lamellar_team.rs:842:20
[INFO] [stdout]     |
[INFO] [stdout] 101 | /     pub fn new(
[INFO] [stdout] 102 | |         start_pe: usize,
[INFO] [stdout] 103 | |         end_pe: usize,
[INFO] [stdout] 104 | |         stride: usize,
[INFO] [stdout] 105 | |         global_pes: usize,
[INFO] [stdout] 106 | |     ) -> StridedArch {
[INFO] [stdout]     | |____________________- defined here
[INFO] [stdout] ...
[INFO] [stdout] 842 |           let arch = StridedArch::new(0, 0, 10, 3, 11);
[INFO] [stdout]     |                      ^^^^^^^^^^^^^^^^ -  -  --  -  -- supplied 5 arguments
[INFO] [stdout]     |                      |
[INFO] [stdout]     |                      expected 4 arguments
[INFO] [stdout] 
[INFO] [stdout] 
[INFO] [stdout] error[E0061]: this function takes 4 arguments but 5 arguments were supplied
[INFO] [stdout]    --> src/lamellar_team.rs:853:20
[INFO] [stdout]     |
[INFO] [stdout] 101 | /     pub fn new(
[INFO] [stdout] 102 | |         start_pe: usize,
[INFO] [stdout] 103 | |         end_pe: usize,
[INFO] [stdout] 104 | |         stride: usize,
[INFO] [stdout] 105 | |         global_pes: usize,
[INFO] [stdout] 106 | |     ) -> StridedArch {
[INFO] [stdout]     | |____________________- defined here
[INFO] [stdout] ...
[INFO] [stdout] 853 |           let arch = StridedArch::new(1, 1, 10, 3, 11);
[INFO] [stdout]     |                      ^^^^^^^^^^^^^^^^ -  -  --  -  -- supplied 5 arguments
[INFO] [stdout]     |                      |
[INFO] [stdout]     |                      expected 4 arguments
[INFO] [stdout] 
[INFO] [stdout] 
[INFO] [stdout] error[E0061]: this function takes 4 arguments but 5 arguments were supplied
[INFO] [stdout]    --> src/lamellar_team.rs:864:20
[INFO] [stdout]     |
[INFO] [stdout] 101 | /     pub fn new(
[INFO] [stdout] 102 | |         start_pe: usize,
[INFO] [stdout] 103 | |         end_pe: usize,
[INFO] [stdout] 104 | |         stride: usize,
[INFO] [stdout] 105 | |         global_pes: usize,
[INFO] [stdout] 106 | |     ) -> StridedArch {
[INFO] [stdout]     | |____________________- defined here
[INFO] [stdout] ...
[INFO] [stdout] 864 |           let arch = StridedArch::new(1, 2, 10, 3, 11);
[INFO] [stdout]     |                      ^^^^^^^^^^^^^^^^ -  -  --  -  -- supplied 5 arguments
[INFO] [stdout]     |                      |
[INFO] [stdout]     |                      expected 4 arguments
[INFO] [stdout] 
[INFO] [stdout] 
[INFO] [stdout] error: aborting due to 7 previous errors
[INFO] [stdout] 
[INFO] [stdout] 
[INFO] [stdout] For more information about this error, try `rustc --explain E0061`.
[INFO] [stdout] 
[INFO] [stderr] error: could not compile `lamellar`.
[INFO] [stderr] 
[INFO] [stderr] To learn more, run the command again with --verbose.
[INFO] [stderr] warning: build failed, waiting for other jobs to finish...
[INFO] [stderr] error: build failed
[INFO] running `Command { std: "docker" "inspect" "c7f6eee4224f259256fa4eb65a67af1a9e8f6495c1b302528b72a4c8acdb492c", kill_on_drop: false }`
[INFO] running `Command { std: "docker" "rm" "-f" "c7f6eee4224f259256fa4eb65a67af1a9e8f6495c1b302528b72a4c8acdb492c", kill_on_drop: false }`
[INFO] [stdout] c7f6eee4224f259256fa4eb65a67af1a9e8f6495c1b302528b72a4c8acdb492c
